{"id":3416,"date":"2015-03-04T09:57:57","date_gmt":"2015-03-04T07:57:57","guid":{"rendered":"http:\/\/magda.netzlicht.com\/?page_id=3416"},"modified":"2015-03-13T16:42:18","modified_gmt":"2015-03-13T14:42:18","slug":"filozofia","status":"publish","type":"page","link":"https:\/\/www.legis-sprachen.de\/pl\/filozofia\/","title":{"rendered":"Filozofia"},"content":{"rendered":"<div class=\"wpb-content-wrapper\"><p>[vc_row bg_type=&#8221;image&#8221; bg_grad=&#8221;background: -webkit-gradient(linear, left top, left bottom, color-stop(0%, #E3E3E3));background: -moz-linear-gradient(top,#E3E3E3 0%);background: -webkit-linear-gradient(top,#E3E3E3 0%);background: -o-linear-gradient(top,#E3E3E3 0%);background: -ms-linear-gradient(top,#E3E3E3 0%);background: linear-gradient(top,#E3E3E3 0%);&#8221; parallax_style=&#8221;vcpb-vz-jquery&#8221; bg_image_new=&#8221;3220&#8243; bg_image_repeat=&#8221;no-repeat&#8221; bg_image_size=&#8221;initial&#8221; bg_img_attach=&#8221;fixed&#8221; parallax_sense=&#8221;50&#8243; animation_direction=&#8221;left-animation&#8221; animation_repeat=&#8221;repeat&#8221; viewport_vdo=&#8221;off&#8221; enable_controls=&#8221;off&#8221; bg_override=&#8221;0&#8243; disable_on_mobile_img_parallax=&#8221;off&#8221; parallax_content_sense=&#8221;30&#8243; fadeout_start_effect=&#8221;30&#8243; overlay_pattern_opacity=&#8221;80&#8243; overlay_pattern_attachment=&#8221;fixed&#8221; multi_color_overlay_opacity=&#8221;60&#8243; seperator_type=&#8221;none_seperator&#8221; seperator_position=&#8221;top_seperator&#8221; seperator_shape_size=&#8221;40&#8243; seperator_svg_height=&#8221;60&#8243; seperator_shape_background=&#8221;#ffffff&#8221; seperator_shape_border=&#8221;none&#8221; seperator_shape_border_width=&#8221;1&#8243; icon_type=&#8221;no_icon&#8221; icon_size=&#8221;32&#8243; icon_style=&#8221;none&#8221; icon_color_border=&#8221;#333333&#8243; icon_border_size=&#8221;1&#8243; icon_border_radius=&#8221;500&#8243; icon_border_spacing=&#8221;50&#8243; img_width=&#8221;48&#8243; ult_hide_row_large_screen=&#8221;off&#8221; ult_hide_row_desktop=&#8221;off&#8221; ult_hide_row_tablet=&#8221;off&#8221; ult_hide_row_tablet_small=&#8221;off&#8221; ult_hide_row_mobile=&#8221;off&#8221; ult_hide_row_mobile_large=&#8221;off&#8221; css=&#8221;.vc_custom_1424946206125{padding-top: 200px !important;}&#8221;][vc_column width=&#8221;1\/1&#8243;][\/vc_column][\/vc_row][vc_row bg_type=&#8221;no_bg&#8221; bg_grad=&#8221;background: -webkit-gradient(linear, left top, left bottom, color-stop(0%, #E3E3E3));background: -moz-linear-gradient(top,#E3E3E3 0%);background: -webkit-linear-gradient(top,#E3E3E3 0%);background: -o-linear-gradient(top,#E3E3E3 0%);background: -ms-linear-gradient(top,#E3E3E3 0%);background: linear-gradient(top,#E3E3E3 0%);&#8221; parallax_style=&#8221;vcpb-vz-jquery&#8221; bg_image_new=&#8221;3220&#8243; bg_image_repeat=&#8221;no-repeat&#8221; bg_image_size=&#8221;cover&#8221; bg_img_attach=&#8221;scroll&#8221; parallax_sense=&#8221;30&#8243; animation_direction=&#8221;left-animation&#8221; animation_repeat=&#8221;repeat&#8221; viewport_vdo=&#8221;off&#8221; enable_controls=&#8221;off&#8221; bg_override=&#8221;0&#8243; disable_on_mobile_img_parallax=&#8221;off&#8221; parallax_content_sense=&#8221;30&#8243; fadeout_start_effect=&#8221;30&#8243; overlay_pattern_opacity=&#8221;80&#8243; overlay_pattern_attachment=&#8221;fixed&#8221; multi_color_overlay_opacity=&#8221;60&#8243; seperator_type=&#8221;none_seperator&#8221; seperator_position=&#8221;top_seperator&#8221; seperator_shape_size=&#8221;40&#8243; seperator_svg_height=&#8221;60&#8243; seperator_shape_background=&#8221;#ffffff&#8221; seperator_shape_border=&#8221;none&#8221; seperator_shape_border_width=&#8221;1&#8243; icon_type=&#8221;no_icon&#8221; icon_size=&#8221;32&#8243; icon_style=&#8221;none&#8221; icon_color_border=&#8221;#333333&#8243; icon_border_size=&#8221;1&#8243; icon_border_radius=&#8221;500&#8243; icon_border_spacing=&#8221;50&#8243; img_width=&#8221;48&#8243; ult_hide_row_large_screen=&#8221;off&#8221; ult_hide_row_desktop=&#8221;off&#8221; ult_hide_row_tablet=&#8221;off&#8221; ult_hide_row_tablet_small=&#8221;off&#8221; ult_hide_row_mobile=&#8221;off&#8221; ult_hide_row_mobile_large=&#8221;off&#8221;][vc_column width=&#8221;1\/1&#8243;][vc_tour][vc_tab title=&#8221;Kompetencja &#8221; tab_id=&#8221;1424866025-1-25&#8243;]<div class=\"icon_box icon_position_top no_border\"><div class=\"icon_wrapper\"><div class=\"icon\"><i class=\"icon-graduation-cap\" aria-hidden=\"true\"><\/i><\/div><\/div><div class=\"desc_wrapper\"><\/div><\/div>\n[vc_column_text]Podstaw\u0105 wszelkich proces\u00f3w t\u0142umaczeniowych jest kompetencja. Sk\u0142adaj\u0105 si\u0119 na ni\u0105 odpowiednie wykszta\u0142cenie, wiedza oraz do\u015bwiadczenie.<\/p>\n<p>Teksty specjalistyczne posiadaj\u0105 nie tylko specyficzne s\u0142ownictwo, lecz wyr\u00f3\u017cniaj\u0105 si\u0119 tak\u017ce przez osobliwe cechy stylistyczne. Uwzgl\u0119dnienie ich polepsza og\u00f3lne zrozumienie tekstu i jest znacznym wyznacznikiem sukcesu, w szczeg\u00f3lno\u015bci w odniesieniu to tekst\u00f3w marketingowych. Wyzwanie polega w tym przypadku na przek\u0142adzie nie tylko s\u0142owa w s\u0142owo, ale jednocze\u015bnie na uwzgl\u0119dnieniu mentalno\u015bci. Dlatego t\u0142umacz jest nie tylko po\u015brednikiem j\u0119zykowym, ale jednocze\u015bnie kulturowym. Przekaz zakodowany w tek\u015bcie znajduje si\u0119 w centrum t\u0142umaczenia i powinien zosta\u0107 zaadaptowany z uwzgl\u0119dnieniem kontekstu j\u0119zykowego, bran\u017cowego oraz kulturowego.<\/p>\n<p>Zdobyte znajomo\u015bci j\u0119zykowe uzupe\u0142nili\u015bmy o okre\u015blon\u0105 wiedz\u0119 fachow\u0105, by m\u00f3c wybra\u0107 spo\u015br\u00f3d licznych poj\u0119\u0107 wyra\u017cenie trafne tre\u015bciowo i sporz\u0105dzi\u0107 adekwatny oraz precyzyjny przek\u0142ad.<br \/>\n[\/vc_column_text][\/vc_tab][vc_tab title=&#8221;Punktualno\u015b\u0107&#8221; tab_id=&#8221;1424866025-2-8&#8243;]<div class=\"icon_box icon_position_top no_border\"><div class=\"icon_wrapper\"><div class=\"icon\"><i class=\"icon-back-in-time\" aria-hidden=\"true\"><\/i><\/div><\/div><div class=\"desc_wrapper\"><\/div><\/div>\n[vc_column_text]Terminowe wykonanie zlece\u0144 jest naszym priorytetem. Z naszymi zleceniodawcami zawsze ustalamy dat\u0119 przed\u0142o\u017cenia t\u0142umaczenia z dba\u0142o\u015bci\u0105 zar\u00f3wno o jako\u015b\u0107 us\u0142ugi, jak i interes klienta. Realistycznie szacujemy nak\u0142ad czasu konieczny do wykonania dobrego przek\u0142adu. Opracowanie tekstu obejmuje t\u0142umaczenie, rzetelne wyszukanie informacji oraz ewentualne wdro\u017cenie w dan\u0105 dziedzin\u0119 tematyczn\u0105, jak i sczytywanie tekstu.<\/p>\n<p>W odniesieniu do t\u0142umacze\u0144 ustnych przywi\u0105zujemy du\u017c\u0105 wag\u0119 do stawienia si\u0119 w miejscu wykonania zlecenia odpowiednio wcze\u015bnie, by m\u00f3c zapozna\u0107 si\u0119 z uwarunkowaniami miejscowymi, czy technicznymi i rzetelnie przygotowa\u0107 si\u0119 do pracy.<br \/>\n[\/vc_column_text][\/vc_tab][vc_tab title=&#8221;Zasada czterech oczu&#8221; tab_id=&#8221;1424866712911-2-9&#8243;]<div class=\"icon_box icon_position_top no_border\"><div class=\"icon_wrapper\"><div class=\"icon\"><i class=\"icon-users\" aria-hidden=\"true\"><\/i><\/div><\/div><div class=\"desc_wrapper\"><\/div><\/div>\n[vc_column_text]Naszym za\u0142o\u017ceniem jest oferowanie zleceniodawcom us\u0142ug najwy\u017cszej jako\u015bci, dlatego proces t\u0142umaczeniowy zawsze dope\u0142niony zostaje o dodatkow\u0105 jego weryfikacj\u0119 (tzw. sczytywanie) przez wewn\u0119trzego korektora (o ile klient nie zadysponowa\u0142 inaczej). Pozwala to na skontrolowanie tekstu pod wzgl\u0119dem ewentalnych niedoskona\u0142o\u015bci oraz wyeliminowanie potencjalnych nie\u015bcis\u0142o\u015bci.<\/p>\n<p>W centrum korekty znajduje si\u0119 ortografia i gramatyka. W zale\u017cno\u015bci od stopnia trudno\u015bci tekstu przeprowadzamy tak\u017ce weryfikacj\u0119 pod wzgl\u0119dem merytorycznym. W ten spos\u00f3b zachowana zostaje zar\u00f3wno poprawno\u015b\u0107 gramatyczna, jak i zrozumia\u0142o\u015b\u0107 t\u0142umaczenia dla grupy docelowej.<br \/>\n[\/vc_column_text][\/vc_tab][vc_tab title=&#8221;Dyspozycyjno\u015b\u0107&#8221; tab_id=&#8221;1424866714567-3-1&#8243;]<div class=\"icon_box icon_position_top no_border\"><div class=\"icon_wrapper\"><div class=\"icon\"><i class=\"icon-shuffle\" aria-hidden=\"true\"><\/i><\/div><\/div><div class=\"desc_wrapper\"><\/div><\/div>\n[vc_column_text]Dzi\u0119ki kontaktowi osobistemu pozostajemy w \u015bcis\u0142ej relacji z klientem, co umo\u017cliwia uwzgl\u0119dnienie indywidualnych \u017cycze\u0144 oraz szybk\u0105 reakcj\u0119 na ewentualne zmiany zlecenia, a tym samym pozwala sprosta\u0107 potrzebom naszych partner\u00f3w. Powierzone nam zlecenia sporz\u0105dzamy osobi\u015bcie, przez co minimalizujemy czas ich wykonania oraz koszty po\u015brednictwa. Dzi\u0119ki temu gotowe t\u0142umaczenia dostarczamy w mo\u017cliwie najkr\u00f3tszym czasie. W przypadku pilno\u015bci, za dop\u0142at\u0105, podejmujemy si\u0119 tak\u017ce pracy w godzinach nocnych i w weekendy.<\/p>\n<p>\u015awiadczenie us\u0142ug j\u0119zykowych jest nie tylko nasz\u0105 prac\u0105, lecz przede wszystkim pasj\u0105, dlatego do ka\u017cdego zlecenia podchodzimy w pe\u0142ni zmotywowani. Naszym celem jest przyczynienie si\u0119 do sukcesu naszych zleceniodawc\u00f3w poprzez rzetelne wykonanie projektu t\u0142umaczeniowego.[\/vc_column_text][\/vc_tab][vc_tab title=&#8221;Dyskrecja&#8221; tab_id=&#8221;1424866742619-4-2&#8243;]<div class=\"icon_box icon_position_top no_border\"><div class=\"icon_wrapper\"><div class=\"icon\"><i class=\"icon-mute\" aria-hidden=\"true\"><\/i><\/div><\/div><div class=\"desc_wrapper\"><\/div><\/div>\n[vc_column_text]Przyk\u0142adamy du\u017c\u0105 wag\u0119 do etyki zawodowej, ochrony danych oraz dyskrecji. T\u0142umacz zobowi\u0105zany jest ju\u017c na mocy prawa do zachowania w tajemnicy przekazanych mu danych i dokument\u00f3w. Wszystkie powierzone nam informacje traktujemy \u015bci\u015ble poufanie i nie przekazujemy ich osobom trzecim.<\/p>\n<p>Klarowna struktura organizacyjna naszego biura t\u0142umacze\u0144 stoi na stra\u017cy przejrzysto\u015bci proces\u00f3w i obchodzenia si\u0119 z Pa\u0144stwa danymi. Na \u017cyczenie podpisujemy porozumienie o zachowaniu poufno\u015bci.<br \/>\n[\/vc_column_text][\/vc_tab][\/vc_tour][\/vc_column][\/vc_row]<\/p>\n<\/div>","protected":false},"excerpt":{"rendered":"<p>[vc_row bg_type=&#8221;image&#8221; bg_grad=&#8221;background: -webkit-gradient(linear, left top, left bottom, color-stop(0%, #E3E3E3));background: -moz-linear-gradient(top,#E3E3E3 0%);background: -webkit-linear-gradient(top,#E3E3E3 0%);background: -o-linear-gradient(top,#E3E3E3 0%);background: -ms-linear-gradient(top,#E3E3E3 0%);background: linear-gradient(top,#E3E3E3 0%);&#8221; parallax_style=&#8221;vcpb-vz-jquery&#8221; bg_image_new=&#8221;3220&#8243; bg_image_repeat=&#8221;no-repeat&#8221; bg_image_size=&#8221;initial&#8221; bg_img_attach=&#8221;fixed&#8221; parallax_sense=&#8221;50&#8243;<span class=\"excerpt-hellip\"> [\u2026]<\/span><\/p>\n","protected":false},"author":1,"featured_media":0,"parent":0,"menu_order":0,"comment_status":"open","ping_status":"closed","template":"","meta":{"footnotes":""},"class_list":["post-3416","page","type-page","status-publish","hentry"],"_links":{"self":[{"href":"https:\/\/www.legis-sprachen.de\/pl\/wp-json\/wp\/v2\/pages\/3416","targetHints":{"allow":["GET"]}}],"collection":[{"href":"https:\/\/www.legis-sprachen.de\/pl\/wp-json\/wp\/v2\/pages"}],"about":[{"href":"https:\/\/www.legis-sprachen.de\/pl\/wp-json\/wp\/v2\/types\/page"}],"author":[{"embeddable":true,"href":"https:\/\/www.legis-sprachen.de\/pl\/wp-json\/wp\/v2\/users\/1"}],"replies":[{"embeddable":true,"href":"https:\/\/www.legis-sprachen.de\/pl\/wp-json\/wp\/v2\/comments?post=3416"}],"version-history":[{"count":0,"href":"https:\/\/www.legis-sprachen.de\/pl\/wp-json\/wp\/v2\/pages\/3416\/revisions"}],"wp:attachment":[{"href":"https:\/\/www.legis-sprachen.de\/pl\/wp-json\/wp\/v2\/media?parent=3416"}],"curies":[{"name":"wp","href":"https:\/\/api.w.org\/{rel}","templated":true}]}}

<div class="wpb-content-wrapper"><p>[vc_row bg_type=&#8221;image&#8221; bg_grad=&#8221;background: -webkit-gradient(linear, left top, left bottom, color-stop(0%, #E3E3E3));background: -moz-linear-gradient(top,#E3E3E3 0%);background: -webkit-linear-gradient(top,#E3E3E3 0%);background: -o-linear-gradient(top,#E3E3E3 0%);background: -ms-linear-gradient(top,#E3E3E3 0%);background: linear-gradient(top,#E3E3E3 0%);&#8221; parallax_style=&#8221;vcpb-vz-jquery&#8221; bg_image_new=&#8221;3220&#8243; bg_image_repeat=&#8221;no-repeat&#8221; bg_image_size=&#8221;initial&#8221; bg_img_attach=&#8221;fixed&#8221; parallax_sense=&#8221;50&#8243; animation_direction=&#8221;left-animation&#8221; animation_repeat=&#8221;repeat&#8221; viewport_vdo=&#8221;off&#8221; enable_controls=&#8221;off&#8221; bg_override=&#8221;0&#8243; disable_on_mobile_img_parallax=&#8221;off&#8221; parallax_content_sense=&#8221;30&#8243; fadeout_start_effect=&#8221;30&#8243; overlay_pattern_opacity=&#8221;80&#8243; overlay_pattern_attachment=&#8221;fixed&#8221; multi_color_overlay_opacity=&#8221;60&#8243; seperator_type=&#8221;none_seperator&#8221; seperator_position=&#8221;top_seperator&#8221; seperator_shape_size=&#8221;40&#8243; seperator_svg_height=&#8221;60&#8243; seperator_shape_background=&#8221;#ffffff&#8221; seperator_shape_border=&#8221;none&#8221; seperator_shape_border_width=&#8221;1&#8243; icon_type=&#8221;no_icon&#8221; icon_size=&#8221;32&#8243; icon_style=&#8221;none&#8221; icon_color_border=&#8221;#333333&#8243; icon_border_size=&#8221;1&#8243; icon_border_radius=&#8221;500&#8243; icon_border_spacing=&#8221;50&#8243; img_width=&#8221;48&#8243; ult_hide_row_large_screen=&#8221;off&#8221; ult_hide_row_desktop=&#8221;off&#8221; ult_hide_row_tablet=&#8221;off&#8221; ult_hide_row_tablet_small=&#8221;off&#8221; ult_hide_row_mobile=&#8221;off&#8221; ult_hide_row_mobile_large=&#8221;off&#8221; css=&#8221;.vc_custom_1424946206125{padding-top: 200px !important;}&#8221;][vc_column width=&#8221;1/1&#8243;][/vc_column][/vc_row][vc_row bg_type=&#8221;no_bg&#8221; bg_grad=&#8221;background: -webkit-gradient(linear, left top, left bottom, color-stop(0%, #E3E3E3));background: -moz-linear-gradient(top,#E3E3E3 0%);background: -webkit-linear-gradient(top,#E3E3E3 0%);background: -o-linear-gradient(top,#E3E3E3 0%);background: -ms-linear-gradient(top,#E3E3E3 0%);background: linear-gradient(top,#E3E3E3 0%);&#8221; parallax_style=&#8221;vcpb-vz-jquery&#8221; bg_image_new=&#8221;3220&#8243; bg_image_repeat=&#8221;no-repeat&#8221; bg_image_size=&#8221;cover&#8221; bg_img_attach=&#8221;scroll&#8221; parallax_sense=&#8221;30&#8243; animation_direction=&#8221;left-animation&#8221; animation_repeat=&#8221;repeat&#8221; viewport_vdo=&#8221;off&#8221; enable_controls=&#8221;off&#8221; bg_override=&#8221;0&#8243; disable_on_mobile_img_parallax=&#8221;off&#8221; parallax_content_sense=&#8221;30&#8243; fadeout_start_effect=&#8221;30&#8243; overlay_pattern_opacity=&#8221;80&#8243; overlay_pattern_attachment=&#8221;fixed&#8221; multi_color_overlay_opacity=&#8221;60&#8243; seperator_type=&#8221;none_seperator&#8221; seperator_position=&#8221;top_seperator&#8221; seperator_shape_size=&#8221;40&#8243; seperator_svg_height=&#8221;60&#8243; seperator_shape_background=&#8221;#ffffff&#8221; seperator_shape_border=&#8221;none&#8221; seperator_shape_border_width=&#8221;1&#8243; icon_type=&#8221;no_icon&#8221; icon_size=&#8221;32&#8243; icon_style=&#8221;none&#8221; icon_color_border=&#8221;#333333&#8243; icon_border_size=&#8221;1&#8243; icon_border_radius=&#8221;500&#8243; icon_border_spacing=&#8221;50&#8243; img_width=&#8221;48&#8243; ult_hide_row_large_screen=&#8221;off&#8221; ult_hide_row_desktop=&#8221;off&#8221; ult_hide_row_tablet=&#8221;off&#8221; ult_hide_row_tablet_small=&#8221;off&#8221; ult_hide_row_mobile=&#8221;off&#8221; ult_hide_row_mobile_large=&#8221;off&#8221;][vc_column width=&#8221;1/1&#8243;][vc_tour][vc_tab title=&#8221;Kompetencja &#8221; tab_id=&#8221;1424866025-1-25&#8243;]<div class="icon_box icon_position_top no_border"><div class="icon_wrapper"><div class="icon"><i class="icon-graduation-cap" aria-hidden="true"></i></div></div><div class="desc_wrapper"></div></div>
[vc_column_text]Podstawą wszelkich procesów tłumaczeniowych jest kompetencja. Składają się na nią odpowiednie wykształcenie, wiedza oraz doświadczenie.</p>
<p>Teksty specjalistyczne posiadają nie tylko specyficzne słownictwo, lecz wyróżniają się także przez osobliwe cechy stylistyczne. Uwzględnienie ich polepsza ogólne zrozumienie tekstu i jest znacznym wyznacznikiem sukcesu, w szczególności w odniesieniu to tekstów marketingowych. Wyzwanie polega w tym przypadku na przekładzie nie tylko słowa w słowo, ale jednocześnie na uwzględnieniu mentalności. Dlatego tłumacz jest nie tylko pośrednikiem językowym, ale jednocześnie kulturowym. Przekaz zakodowany w tekście znajduje się w centrum tłumaczenia i powinien zostać zaadaptowany z uwzględnieniem kontekstu językowego, branżowego oraz kulturowego.</p>
<p>Zdobyte znajomości językowe uzupełniliśmy o określoną wiedzę fachową, by móc wybrać spośród licznych pojęć wyrażenie trafne treściowo i sporządzić adekwatny oraz precyzyjny przekład.<br />
[/vc_column_text][/vc_tab][vc_tab title=&#8221;Punktualność&#8221; tab_id=&#8221;1424866025-2-8&#8243;]<div class="icon_box icon_position_top no_border"><div class="icon_wrapper"><div class="icon"><i class="icon-back-in-time" aria-hidden="true"></i></div></div><div class="desc_wrapper"></div></div>
[vc_column_text]Terminowe wykonanie zleceń jest naszym priorytetem. Z naszymi zleceniodawcami zawsze ustalamy datę przedłożenia tłumaczenia z dbałością zarówno o jakość usługi, jak i interes klienta. Realistycznie szacujemy nakład czasu konieczny do wykonania dobrego przekładu. Opracowanie tekstu obejmuje tłumaczenie, rzetelne wyszukanie informacji oraz ewentualne wdrożenie w daną dziedzinę tematyczną, jak i sczytywanie tekstu.</p>
<p>W odniesieniu do tłumaczeń ustnych przywiązujemy dużą wagę do stawienia się w miejscu wykonania zlecenia odpowiednio wcześnie, by móc zapoznać się z uwarunkowaniami miejscowymi, czy technicznymi i rzetelnie przygotować się do pracy.<br />
[/vc_column_text][/vc_tab][vc_tab title=&#8221;Zasada czterech oczu&#8221; tab_id=&#8221;1424866712911-2-9&#8243;]<div class="icon_box icon_position_top no_border"><div class="icon_wrapper"><div class="icon"><i class="icon-users" aria-hidden="true"></i></div></div><div class="desc_wrapper"></div></div>
[vc_column_text]Naszym założeniem jest oferowanie zleceniodawcom usług najwyższej jakości, dlatego proces tłumaczeniowy zawsze dopełniony zostaje o dodatkową jego weryfikację (tzw. sczytywanie) przez wewnętrzego korektora (o ile klient nie zadysponował inaczej). Pozwala to na skontrolowanie tekstu pod względem ewentalnych niedoskonałości oraz wyeliminowanie potencjalnych nieścisłości.</p>
<p>W centrum korekty znajduje się ortografia i gramatyka. W zależności od stopnia trudności tekstu przeprowadzamy także weryfikację pod względem merytorycznym. W ten sposób zachowana zostaje zarówno poprawność gramatyczna, jak i zrozumiałość tłumaczenia dla grupy docelowej.<br />
[/vc_column_text][/vc_tab][vc_tab title=&#8221;Dyspozycyjność&#8221; tab_id=&#8221;1424866714567-3-1&#8243;]<div class="icon_box icon_position_top no_border"><div class="icon_wrapper"><div class="icon"><i class="icon-shuffle" aria-hidden="true"></i></div></div><div class="desc_wrapper"></div></div>
[vc_column_text]Dzięki kontaktowi osobistemu pozostajemy w ścisłej relacji z klientem, co umożliwia uwzględnienie indywidualnych życzeń oraz szybką reakcję na ewentualne zmiany zlecenia, a tym samym pozwala sprostać potrzebom naszych partnerów. Powierzone nam zlecenia sporządzamy osobiście, przez co minimalizujemy czas ich wykonania oraz koszty pośrednictwa. Dzięki temu gotowe tłumaczenia dostarczamy w możliwie najkrótszym czasie. W przypadku pilności, za dopłatą, podejmujemy się także pracy w godzinach nocnych i w weekendy.</p>
<p>Świadczenie usług językowych jest nie tylko naszą pracą, lecz przede wszystkim pasją, dlatego do każdego zlecenia podchodzimy w pełni zmotywowani. Naszym celem jest przyczynienie się do sukcesu naszych zleceniodawców poprzez rzetelne wykonanie projektu tłumaczeniowego.[/vc_column_text][/vc_tab][vc_tab title=&#8221;Dyskrecja&#8221; tab_id=&#8221;1424866742619-4-2&#8243;]<div class="icon_box icon_position_top no_border"><div class="icon_wrapper"><div class="icon"><i class="icon-mute" aria-hidden="true"></i></div></div><div class="desc_wrapper"></div></div>
[vc_column_text]Przykładamy dużą wagę do etyki zawodowej, ochrony danych oraz dyskrecji. Tłumacz zobowiązany jest już na mocy prawa do zachowania w tajemnicy przekazanych mu danych i dokumentów. Wszystkie powierzone nam informacje traktujemy ściśle poufanie i nie przekazujemy ich osobom trzecim.</p>
<p>Klarowna struktura organizacyjna naszego biura tłumaczeń stoi na straży przejrzystości procesów i obchodzenia się z Państwa danymi. Na życzenie podpisujemy porozumienie o zachowaniu poufności.<br />
[/vc_column_text][/vc_tab][/vc_tour][/vc_column][/vc_row]</p>
</div>
