{"id":3402,"date":"2015-03-03T11:12:41","date_gmt":"2015-03-03T09:12:41","guid":{"rendered":"http:\/\/magda.netzlicht.com\/?page_id=3402"},"modified":"2015-03-13T16:42:00","modified_gmt":"2015-03-13T14:42:00","slug":"informacje-o-niemczech","status":"publish","type":"page","link":"https:\/\/www.legis-sprachen.de\/pl\/informacje-o-niemczech\/","title":{"rendered":"Informacje o Niemczech"},"content":{"rendered":"<div class=\"wpb-content-wrapper\"><p>[vc_row css=&#8221;.vc_custom_1424945504964{padding-top: 200px !important;}&#8221; bg_type=&#8221;image&#8221; bg_grad=&#8221;background: -webkit-gradient(linear, left top, left bottom, color-stop(0%, #E3E3E3));background: -moz-linear-gradient(top,#E3E3E3 0%);background: -webkit-linear-gradient(top,#E3E3E3 0%);background: -o-linear-gradient(top,#E3E3E3 0%);background: -ms-linear-gradient(top,#E3E3E3 0%);background: linear-gradient(top,#E3E3E3 0%);&#8221; parallax_style=&#8221;vcpb-vz-jquery&#8221; bg_image_new=&#8221;3324&#8243; bg_image_repeat=&#8221;no-repeat&#8221; bg_image_size=&#8221;initial&#8221; bg_img_attach=&#8221;scroll&#8221; parallax_sense=&#8221;100&#8243; animation_direction=&#8221;left-animation&#8221; animation_repeat=&#8221;repeat&#8221; viewport_vdo=&#8221;off&#8221; enable_controls=&#8221;off&#8221; bg_override=&#8221;0&#8243; disable_on_mobile_img_parallax=&#8221;off&#8221; parallax_content_sense=&#8221;30&#8243; fadeout_start_effect=&#8221;30&#8243; overlay_pattern_opacity=&#8221;80&#8243; overlay_pattern_attachment=&#8221;fixed&#8221; multi_color_overlay_opacity=&#8221;60&#8243; seperator_type=&#8221;none_seperator&#8221; seperator_position=&#8221;top_seperator&#8221; seperator_shape_size=&#8221;40&#8243; seperator_svg_height=&#8221;60&#8243; seperator_shape_background=&#8221;#ffffff&#8221; seperator_shape_border=&#8221;none&#8221; seperator_shape_border_width=&#8221;1&#8243; icon_type=&#8221;no_icon&#8221; icon_size=&#8221;32&#8243; icon_style=&#8221;none&#8221; icon_color_border=&#8221;#333333&#8243; icon_border_size=&#8221;1&#8243; icon_border_radius=&#8221;500&#8243; icon_border_spacing=&#8221;50&#8243; img_width=&#8221;48&#8243; ult_hide_row_large_screen=&#8221;off&#8221; ult_hide_row_desktop=&#8221;off&#8221; ult_hide_row_tablet=&#8221;off&#8221; ult_hide_row_tablet_small=&#8221;off&#8221; ult_hide_row_mobile=&#8221;off&#8221; ult_hide_row_mobile_large=&#8221;off&#8221;][vc_column width=&#8221;1\/1&#8243;][\/vc_column][\/vc_row][vc_row][vc_column width=&#8221;1\/1&#8243;][vc_tour][vc_tab title=&#8221;Inwestycje w Niemczech &#8221; tab_id=&#8221;1424941726-1-57&#8243;][vc_column_text]Niemcy s\u0105 jednym z gospodarczo najstabilniejszych kraj\u00f3w europejskich. Liczne mo\u017cliwo\u015bci dla inwestor\u00f3w oraz przejrzyste zasady wsp\u00f3\u0142pracy przyci\u0105gaj\u0105 coraz wi\u0119cej polskich firm zainteresowanych nawi\u0105zaniem stosunk\u00f3w biznesowych z niemieckimi przedsi\u0119biorstwami.<\/p>\n<p>Planuj\u0105 Pa\u0144stwo rozszerzy\u0107 dzia\u0142alno\u015b\u0107 na rynek niemiecki lub oddelegowa\u0107 pracownik\u00f3w za granic\u0119? Na poni\u017cych stronach znajd\u0105 Pa\u0144stwo wiele przydatnych informacji, u\u0142atwiaj\u0105cych rozeznanie si\u0119 na niemieckim rynku biznesowym z uwzgl\u0119dnieniem tak\u017ce t\u0142a interkulturalnego:<\/p>\n<p><strong>Wydzia\u0142 Promocji Handlu i Inwestycji Ambasady Rzeczypospolitej Polskiej w Berlinie<\/strong><br \/>\n<a href=\"http:\/\/www.berlin.trade.gov.pl\/pl\/rfnprzewodnik\">http:\/\/www.berlin.trade.gov.pl\/pl\/rfnprzewodnik<\/a><\/p>\n<p><strong>Polska Agencja Informacji i Inwestycji Zagranicznych S.A.<\/strong><br \/>\n<a href=\"http:\/\/www.paiz.gov.pl\">http:\/\/www.paiz.gov.pl<\/a><\/p>\n<p><strong>Portal Promocyjny Eksportu Ministerstwa Gospodarki<\/strong><br \/>\n<a href=\"http:\/\/www.eksporter.gov.pl\/Default.aspx\">http:\/\/www.eksporter.gov.pl\/Default.aspx<\/a><\/p>\n<p><strong>Polsko-Niemiecka Izba Handlowo-Przemys\u0142owa<\/strong><br \/>\n<a href=\"http:\/\/ahk.pl\/pl\/\">http:\/\/ahk.pl\/pl\/<\/a><\/p>\n<p><strong>Jak post\u0119powa\u0107 z Niemcami? Poradnik dla biznesu i nie tylko<\/strong><br \/>\n<a href=\"http:\/\/www2.dpg-bundesverband.de\/uploads\/knigge_jak_postepowac_z_niemcami_polski.pdf\">http:\/\/www2.dpg-bundesverband.de\/uploads\/knigge_jak_postepowac_z_niemcami_polski.pdf<\/a>[\/vc_column_text][\/vc_tab][vc_tab title=&#8221;Studia w Niemczech&#8221; tab_id=&#8221;1424941726-2-26&#8243;][vc_column_text]Uznane mi\u0119dzynarodowo tytu\u0142y zdobyte na niemieckich renomowanych szko\u0142ach wy\u017cszych oferuj\u0105 doskona\u0142e widoki na rozw\u00f3j zawodowy. Wszystko, co nale\u017cy wiedzie\u0107 o kierunkach studi\u00f3w, warunkach podj\u0119cia oraz mo\u017cliwo\u015bciach ich finansowania, znajd\u0105 Pa\u0144stwo na poni\u017cej wyszczeg\u00f3lnionych portalach:<\/p>\n<p><strong>Przewodnik dla zagranicznych student\u00f3w Niemieckiej Centrali Wymiany Akademickiej<\/strong><br \/>\n<a href=\"https:\/\/www.daad.de\/medien\/deutschland\/nach-deutschland\/downloads\/daad_brosch_ziel_d_aufl5-pl_120606_low.pdf\">https:\/\/www.daad.de\/medien\/deutschland\/nach-deutschland\/downloads\/daad_brosch_ziel_d_aufl5-pl_120606_low.pdf<\/a><\/p>\n<p><strong>Eurodesk Polska<\/strong><br \/>\n<a href=\"http:\/\/www.eurodesk.pl\/studia-w-kraju\/studia-w-niemczech\">http:\/\/www.eurodesk.pl\/studia-w-kraju\/studia-w-niemczech<\/a><\/p>\n<p><strong>Deutsche Welle<\/strong><br \/>\n<a href=\"http:\/\/www.dw.de\/start\/studia\/s-100217\">http:\/\/www.dw.de\/start\/studia\/s-100217<\/a>[\/vc_column_text][\/vc_tab][vc_tab title=&#8221;Turystyka &#8221; tab_id=&#8221;1424941885160-2-6&#8243;][vc_column_text]Niemieckie krajobrazy naturalne fascynuj\u0105 wielu zagranicznych turyst\u00f3w. Szwajcaria Franko\u0144ska, Rugijskie Wybrze\u017ce Kredowe, G\u00f3ry Harcu nie tylko przyci\u0105gaj\u0105 spojrzenia, lecz zach\u0119caj\u0105 jednocze\u015bnie do zatrzymania si\u0119 na moment i s\u0105 miejscem wypoczynku licznych mi\u0142o\u015bnik\u00f3w natury.<\/p>\n<p>Zarys niemieckiej historii, tradycji, \u015bwi\u0105t, zabytk\u00f3w, informacji dla podr\u00f3\u017cnych i wiele wi\u0119cej mo\u017cna znale\u017a\u0107 na poni\u017cszych stronach:<\/p>\n<p><strong>Ambasada Niemiec w Warszawie<\/strong><br \/>\n<a href=\"http:\/\/www.warschau.diplo.de\/Vertretung\/warschau\/pl\/Startseite.html\">http:\/\/www.warschau.diplo.de\/Vertretung\/warschau\/pl\/Startseite.html<\/a><\/p>\n<p><strong>Portal Niemieckiej Centrali Turystyki<\/strong><br \/>\n<a href=\"http:\/\/www.germany.travel\/pl\/index.html\">http:\/\/www.germany.travel\/pl\/index.html<\/a><\/p>\n<p><strong>Niemcy w \u015bwietle fakt\u00f3w i liczb<\/strong><br \/>\n<a href=\"http:\/\/www.tatsachen-ueber-deutschland.de\/index.php?L=6\">http:\/\/www.tatsachen-ueber-deutschland.de\/index.php?L=6<\/a>[\/vc_column_text][\/vc_tab][vc_tab title=&#8221;S\u0142owniki online &#8221; tab_id=&#8221;1424941999860-3-5&#8243;][vc_column_text]<strong>PONS \u2013 s\u0142ownik internetowy polsko-niemiecki, niemiecko-polski<\/strong><br \/>\n<a href=\"http:\/\/www.pons.eu\">www.pons.eu<\/a><\/p>\n<p><strong>De Jure PL \u2013 s\u0142ownik Polsko-Niemieckiego Stowarzyszenia Prawnik\u00f3w<\/strong><br \/>\n<a href=\"http:\/\/www.slownik-polsko-niemiecki.eu\/\">http:\/\/www.slownik-polsko-niemiecki.eu\/<\/a><\/p>\n<p><strong>Polsko-Niemiecki Leksykon Poj\u0119\u0107 Planistyczynych Niemieckiej Akademi Bada\u0144 nad Przestrzeni\u0105 i Planowania Przestrzennego (ARL)<\/strong><br \/>\n<a href=\"http:\/\/shop.arl-net.de\/media\/direct\/pdf\/dt-pol-handbuch.pdf\">http:\/\/shop.arl-net.de\/media\/direct\/pdf\/dt-pol-handbuch.pdf<\/a><\/p>\n<p><strong>EUR-Lex \u2013 dwuj\u0119zyczny widok akt\u00f3w prawnych Unii Europejskiej<\/strong><br \/>\n<a href=\"http:\/\/eur-lex.europa.eu\/pl\/tools\/about.htm\">http:\/\/eur-lex.europa.eu\/pl\/tools\/about.htm<\/a>[\/vc_column_text][\/vc_tab][\/vc_tour][\/vc_column][\/vc_row]<\/p>\n<\/div>","protected":false},"excerpt":{"rendered":"<p>[vc_row css=&#8221;.vc_custom_1424945504964{padding-top: 200px !important;}&#8221; bg_type=&#8221;image&#8221; bg_grad=&#8221;background: -webkit-gradient(linear, left top, left bottom, color-stop(0%, #E3E3E3));background: -moz-linear-gradient(top,#E3E3E3 0%);background: -webkit-linear-gradient(top,#E3E3E3 0%);background: -o-linear-gradient(top,#E3E3E3 0%);background: -ms-linear-gradient(top,#E3E3E3 0%);background: linear-gradient(top,#E3E3E3 0%);&#8221; parallax_style=&#8221;vcpb-vz-jquery&#8221; bg_image_new=&#8221;3324&#8243; bg_image_repeat=&#8221;no-repeat&#8221;<span class=\"excerpt-hellip\"> [\u2026]<\/span><\/p>\n","protected":false},"author":1,"featured_media":0,"parent":0,"menu_order":0,"comment_status":"open","ping_status":"closed","template":"","meta":{"footnotes":""},"class_list":["post-3402","page","type-page","status-publish","hentry"],"_links":{"self":[{"href":"https:\/\/www.legis-sprachen.de\/pl\/wp-json\/wp\/v2\/pages\/3402","targetHints":{"allow":["GET"]}}],"collection":[{"href":"https:\/\/www.legis-sprachen.de\/pl\/wp-json\/wp\/v2\/pages"}],"about":[{"href":"https:\/\/www.legis-sprachen.de\/pl\/wp-json\/wp\/v2\/types\/page"}],"author":[{"embeddable":true,"href":"https:\/\/www.legis-sprachen.de\/pl\/wp-json\/wp\/v2\/users\/1"}],"replies":[{"embeddable":true,"href":"https:\/\/www.legis-sprachen.de\/pl\/wp-json\/wp\/v2\/comments?post=3402"}],"version-history":[{"count":0,"href":"https:\/\/www.legis-sprachen.de\/pl\/wp-json\/wp\/v2\/pages\/3402\/revisions"}],"wp:attachment":[{"href":"https:\/\/www.legis-sprachen.de\/pl\/wp-json\/wp\/v2\/media?parent=3402"}],"curies":[{"name":"wp","href":"https:\/\/api.w.org\/{rel}","templated":true}]}}

<div class="wpb-content-wrapper"><p>[vc_row css=&#8221;.vc_custom_1424945504964{padding-top: 200px !important;}&#8221; bg_type=&#8221;image&#8221; bg_grad=&#8221;background: -webkit-gradient(linear, left top, left bottom, color-stop(0%, #E3E3E3));background: -moz-linear-gradient(top,#E3E3E3 0%);background: -webkit-linear-gradient(top,#E3E3E3 0%);background: -o-linear-gradient(top,#E3E3E3 0%);background: -ms-linear-gradient(top,#E3E3E3 0%);background: linear-gradient(top,#E3E3E3 0%);&#8221; parallax_style=&#8221;vcpb-vz-jquery&#8221; bg_image_new=&#8221;3324&#8243; bg_image_repeat=&#8221;no-repeat&#8221; bg_image_size=&#8221;initial&#8221; bg_img_attach=&#8221;scroll&#8221; parallax_sense=&#8221;100&#8243; animation_direction=&#8221;left-animation&#8221; animation_repeat=&#8221;repeat&#8221; viewport_vdo=&#8221;off&#8221; enable_controls=&#8221;off&#8221; bg_override=&#8221;0&#8243; disable_on_mobile_img_parallax=&#8221;off&#8221; parallax_content_sense=&#8221;30&#8243; fadeout_start_effect=&#8221;30&#8243; overlay_pattern_opacity=&#8221;80&#8243; overlay_pattern_attachment=&#8221;fixed&#8221; multi_color_overlay_opacity=&#8221;60&#8243; seperator_type=&#8221;none_seperator&#8221; seperator_position=&#8221;top_seperator&#8221; seperator_shape_size=&#8221;40&#8243; seperator_svg_height=&#8221;60&#8243; seperator_shape_background=&#8221;#ffffff&#8221; seperator_shape_border=&#8221;none&#8221; seperator_shape_border_width=&#8221;1&#8243; icon_type=&#8221;no_icon&#8221; icon_size=&#8221;32&#8243; icon_style=&#8221;none&#8221; icon_color_border=&#8221;#333333&#8243; icon_border_size=&#8221;1&#8243; icon_border_radius=&#8221;500&#8243; icon_border_spacing=&#8221;50&#8243; img_width=&#8221;48&#8243; ult_hide_row_large_screen=&#8221;off&#8221; ult_hide_row_desktop=&#8221;off&#8221; ult_hide_row_tablet=&#8221;off&#8221; ult_hide_row_tablet_small=&#8221;off&#8221; ult_hide_row_mobile=&#8221;off&#8221; ult_hide_row_mobile_large=&#8221;off&#8221;][vc_column width=&#8221;1/1&#8243;][/vc_column][/vc_row][vc_row][vc_column width=&#8221;1/1&#8243;][vc_tour][vc_tab title=&#8221;Inwestycje w Niemczech &#8221; tab_id=&#8221;1424941726-1-57&#8243;][vc_column_text]Niemcy są jednym z gospodarczo najstabilniejszych krajów europejskich. Liczne możliwości dla inwestorów oraz przejrzyste zasady współpracy przyciągają coraz więcej polskich firm zainteresowanych nawiązaniem stosunków biznesowych z niemieckimi przedsiębiorstwami.</p>
<p>Planują Państwo rozszerzyć działalność na rynek niemiecki lub oddelegować pracowników za granicę? Na poniżych stronach znajdą Państwo wiele przydatnych informacji, ułatwiających rozeznanie się na niemieckim rynku biznesowym z uwzględnieniem także tła interkulturalnego:</p>
<p><strong>Wydział Promocji Handlu i Inwestycji Ambasady Rzeczypospolitej Polskiej w Berlinie</strong><br />
<a href="http://www.berlin.trade.gov.pl/pl/rfnprzewodnik">http://www.berlin.trade.gov.pl/pl/rfnprzewodnik</a></p>
<p><strong>Polska Agencja Informacji i Inwestycji Zagranicznych S.A.</strong><br />
<a href="http://www.paiz.gov.pl">http://www.paiz.gov.pl</a></p>
<p><strong>Portal Promocyjny Eksportu Ministerstwa Gospodarki</strong><br />
<a href="http://www.eksporter.gov.pl/Default.aspx">http://www.eksporter.gov.pl/Default.aspx</a></p>
<p><strong>Polsko-Niemiecka Izba Handlowo-Przemysłowa</strong><br />
<a href="http://ahk.pl/pl/">http://ahk.pl/pl/</a></p>
<p><strong>Jak postępować z Niemcami? Poradnik dla biznesu i nie tylko</strong><br />
<a href="http://www2.dpg-bundesverband.de/uploads/knigge_jak_postepowac_z_niemcami_polski.pdf">http://www2.dpg-bundesverband.de/uploads/knigge_jak_postepowac_z_niemcami_polski.pdf</a>[/vc_column_text][/vc_tab][vc_tab title=&#8221;Studia w Niemczech&#8221; tab_id=&#8221;1424941726-2-26&#8243;][vc_column_text]Uznane międzynarodowo tytuły zdobyte na niemieckich renomowanych szkołach wyższych oferują doskonałe widoki na rozwój zawodowy. Wszystko, co należy wiedzieć o kierunkach studiów, warunkach podjęcia oraz możliwościach ich finansowania, znajdą Państwo na poniżej wyszczególnionych portalach:</p>
<p><strong>Przewodnik dla zagranicznych studentów Niemieckiej Centrali Wymiany Akademickiej</strong><br />
<a href="https://www.daad.de/medien/deutschland/nach-deutschland/downloads/daad_brosch_ziel_d_aufl5-pl_120606_low.pdf">https://www.daad.de/medien/deutschland/nach-deutschland/downloads/daad_brosch_ziel_d_aufl5-pl_120606_low.pdf</a></p>
<p><strong>Eurodesk Polska</strong><br />
<a href="http://www.eurodesk.pl/studia-w-kraju/studia-w-niemczech">http://www.eurodesk.pl/studia-w-kraju/studia-w-niemczech</a></p>
<p><strong>Deutsche Welle</strong><br />
<a href="http://www.dw.de/start/studia/s-100217">http://www.dw.de/start/studia/s-100217</a>[/vc_column_text][/vc_tab][vc_tab title=&#8221;Turystyka &#8221; tab_id=&#8221;1424941885160-2-6&#8243;][vc_column_text]Niemieckie krajobrazy naturalne fascynują wielu zagranicznych turystów. Szwajcaria Frankońska, Rugijskie Wybrzeże Kredowe, Góry Harcu nie tylko przyciągają spojrzenia, lecz zachęcają jednocześnie do zatrzymania się na moment i są miejscem wypoczynku licznych miłośników natury.</p>
<p>Zarys niemieckiej historii, tradycji, świąt, zabytków, informacji dla podróżnych i wiele więcej można znaleźć na poniższych stronach:</p>
<p><strong>Ambasada Niemiec w Warszawie</strong><br />
<a href="http://www.warschau.diplo.de/Vertretung/warschau/pl/Startseite.html">http://www.warschau.diplo.de/Vertretung/warschau/pl/Startseite.html</a></p>
<p><strong>Portal Niemieckiej Centrali Turystyki</strong><br />
<a href="http://www.germany.travel/pl/index.html">http://www.germany.travel/pl/index.html</a></p>
<p><strong>Niemcy w świetle faktów i liczb</strong><br />
<a href="http://www.tatsachen-ueber-deutschland.de/index.php?L=6">http://www.tatsachen-ueber-deutschland.de/index.php?L=6</a>[/vc_column_text][/vc_tab][vc_tab title=&#8221;Słowniki online &#8221; tab_id=&#8221;1424941999860-3-5&#8243;][vc_column_text]<strong>PONS – słownik internetowy polsko-niemiecki, niemiecko-polski</strong><br />
<a href="http://www.pons.eu">www.pons.eu</a></p>
<p><strong>De Jure PL – słownik Polsko-Niemieckiego Stowarzyszenia Prawników</strong><br />
<a href="http://www.slownik-polsko-niemiecki.eu/">http://www.slownik-polsko-niemiecki.eu/</a></p>
<p><strong>Polsko-Niemiecki Leksykon Pojęć Planistyczynych Niemieckiej Akademi Badań nad Przestrzenią i Planowania Przestrzennego (ARL)</strong><br />
<a href="http://shop.arl-net.de/media/direct/pdf/dt-pol-handbuch.pdf">http://shop.arl-net.de/media/direct/pdf/dt-pol-handbuch.pdf</a></p>
<p><strong>EUR-Lex – dwujęzyczny widok aktów prawnych Unii Europejskiej</strong><br />
<a href="http://eur-lex.europa.eu/pl/tools/about.htm">http://eur-lex.europa.eu/pl/tools/about.htm</a>[/vc_column_text][/vc_tab][/vc_tour][/vc_column][/vc_row]</p>
</div>
